5*p = -6*l + 40, 4*l = -3*p + 92. Let s(g) = 101*g - 1. Let r be s(1). What is the highest common factor of l and r?
20
Let l(q) be the first derivative of q**3/3 - q**2 + 6*q + 6. Let i be l(3). Calculate the highest common factor of i and 6.
3
Let o be 163 - (15/3 - -2). Calculate the highest common divisor of o and 48.
12
Suppose -4*k + 140 = 6*g - 2*g, 0 = 3*k - 2*g - 80. Suppose -2*v - k = -s + v, -4 = v. What is the highest common factor of s and 9?
9
Let o be -5 + 33/9 + 274/3. Suppose -5*f = 3*c - o, 0 = c + 4*f - 27 - 10. What is the highest common divisor of c and 275?
25
Let j(z) be the second derivative of -z**3/6 - z**2 + z. Let v = -249 - -237. Let r be j(v). What is the highest common divisor of 25 and r?
5
Let h(a) be the third derivative of -19*a**4/24 + 7*a**3/6 - 3*a**2. Let r be h(-7). Suppose o = -o + 40. Calculate the greatest common factor of o and r.
20
Let x(w) = -w**3 + 9*w**2 - 7*w - 8. Let h be x(8). Suppose h = -f + 4*f + 2*r - 132, 0 = 4*f - r - 165. What is the highest common divisor of 14 and f?
14
Let j(k) = 39*k**2 + 11*k - 41. Let u be j(3). Calculate the highest common divisor of u and 7.
7
Suppose -48 = 2*a - 4*s, 5*a + 34 = s - 59. Let z be (16/12)/((-2)/a). Calculate the greatest common factor of z and 108.
12
Suppose -5*z = -4*w - 19, -5*w + 0 - 2 = z. Suppose j + 8 = z*j. Let h(m) = -m - 18. Let v be h(-19). Calculate the highest common factor of v and j.
1
Suppose 8*o = -34*o + 6006. Calculate the highest common factor of o and 55.
11
Let y(p) be the second derivative of 0 - 5/12*p**4 + 1/20*p**5 + 5/2*p**2 + 2/3*p**3 + 13*p. Let d be y(4). What is the highest common divisor of 35 and d?
5
Let b(r) = r**3 - 6*r**2 - 6*r + 11. Let f be b(7). Suppose -f*x - 156 = -21*x. Calculate the highest common factor of 78 and x.
26
Let m(s) = 2*s**3 + 39*s**2 - 22*s + 18. Let i be m(-18). Suppose 8*f = f + i. What is the greatest common factor of 22 and f?
22
Suppose -4*q + 84 = 4*f - 0*f, -2*q = -f - 39. Let w = 11 - -12. Let n = w - 3. Calculate the greatest common divisor of q and n.
20
Let c(l) = l**3 + 19*l**2 + 2*l + 44. Let s be c(-19). Suppose 5*r - 260 = -2*f, -133 - 54 = -3*r + 5*f. What is the highest common divisor of s and r?
6
Let a = 599 - 539. Let x(p) = -p**3 - p**2 + 2*p. Let b be x(-3). Calculate the greatest common factor of b and a.
12
Let v = -45 - -72. Let h = v + -18. What is the highest common divisor of 18 and h?
9
Suppose -4*g + 12 = 5*y, 3*y + 3 + 12 = 5*g. Suppose g*x - 81 = -2*a - 0*x, 2*a - 63 = 3*x. Suppose a = h - 4. What is the greatest common divisor of h and 16?
8
Let q be -1206*((-5)/4 + 308/336). Calculate the highest common factor of q and 12.
6
Suppose 2*m + m = -24. Let z(w) = w**3 + 7*w**2 + 9*w + 5. Let j be z(-4). Let q = m + j. Calculate the highest common factor of 27 and q.
9
Let t be 2 + 18/(0 - 3). Let a be 2031/27 + t/18. Let l(j) = -j**2 - 20*j - 6. Let n be l(-18). Calculate the greatest common factor of a and n.
15
Let j(g) = -3*g**3 + g**2 - 2*g + 46. Let s be j(0). Calculate the highest common factor of 368 and s.
46
Let h = 313 - 184. Suppose 0 = 2*x + x - h. What is the highest common factor of 301 and x?
43
Suppose 5*w + 315 = 5*j, 377 = 5*j + 4*w + 62. Calculate the greatest common factor of j and 336.
21
Suppose -312 = -2*w - 11*w. Calculate the highest common divisor of 104 and w.
8
Let k(n) = 4*n**2 - 5*n + 15. Let o(c) = 9*c**2 - 9*c + 29. Let i(q) = 7*k(q) - 3*o(q). Let g be i(6). Calculate the greatest common factor of g and 9.
3
Let y(h) = -6*h + 42. Suppose -p - 5 = -c, 0*c + 4*p = -c. Let l be y(c). Calculate the highest common divisor of 2 and l.
2
Let l be (-348)/(-22) - (-38)/209. Suppose 0 = -11*n + l*n - 125. Calculate the greatest common divisor of 75 and n.
25
Suppose -5 = 2*x + q, 0 = 2*x - 0*x + 4*q + 14. Let t be x + (-566)/(-10) - 64/(-160). Calculate the highest common factor of 16 and t.
8
Let g(a) = -a**2 + 13*a + 9. Let v be g(10). What is the greatest common divisor of v and 52?
13
Let c(w) = -w + 15. Let h be c(14). Let d be 2 - (-3 - -3) - h. Suppose -p + d = -13. Calculate the highest common divisor of 21 and p.
7
Let w(l) = -13*l + 273. Let b be w(18). Calculate the highest common factor of b and 169.
13
Let y(i) = 2*i**3 - 11*i**2 + 3*i + 4. Let j be y(5). Let k(g) = -g**3 - 5*g**2 - g + 12. Let t be k(j). What is the greatest common factor of 18 and t?
18
Let v = 66 - 23. Suppose -2*h - 3*y + 77 = -0*h, 5*h + 2*y = 209. Calculate the greatest common factor of h and v.
43
Let z be 15/(-9) + (5 - (-6810)/9). What is the highest common factor of 40 and z?
40
Suppose 0 = -3*w + 24 - 0. Let q = -166 - -174. What is the highest common factor of w and q?
8
Suppose -4*u - 4*b - 6 = -2*u, -u - 9 = 4*b. Suppose 44 = 5*p - y - 2*y, 0 = u*p + 2*y - 34. Calculate the greatest common factor of p and 110.
10
Let z(y) = -2*y**2 - 91*y + 64. Let f be z(-46). Let u(n) = n**2 - 2*n - 1. Let w be u(3). What is the highest common divisor of w and f?
2
Suppose -2*g + 7*g = 25. Suppose a - 6*a + 2*o + 140 = 0, -4*a + 3*o = -105. Calculate the greatest common factor of g and a.
5
Let n = -254 - -323. Calculate the greatest common divisor of n and 3.
3
Let t be 21/(-7) - 1 - (0 - -56). Let z = 316 + t. Calculate the greatest common divisor of z and 32.
32
Let d = -21 + 25. Suppose d*x - 5*l = 2, -3*x - 2 = -l - 9. What is the greatest common factor of x and 9?
3
Suppose -c = 2*s - 1473, 2*s = -s + 4*c + 2204. What is the highest common divisor of 23 and s?
23
Let j(s) = 2*s + 8*s**2 - s - 2 + 2*s - s**3 - 8*s. Let t be j(7). Calculate the greatest common factor of t and 8.
4
Suppose -17*o - 28*o + 53235 = 0. What is the greatest common factor of o and 182?
91
Let x = 195 - 125. Calculate the highest common divisor of 10 and x.
10
Let o be -3 - (-3 - (-3 - -3)). Let g be 4 - 1*(o + 1). Suppose -g*j = -5*m + 20, m - 17 = 2*j - 4*j. What is the highest common divisor of m and 35?
7
Let r = 181 - 53. Suppose -48 = -t - 2*t. What is the highest common factor of r and t?
16
Suppose 979*d = 985*d - 192. What is the greatest common divisor of 376 and d?
8
Let w = 1506 + -1074. Calculate the highest common factor of 27 and w.
27
Suppose 0 = 3*l + 180 + 18. Let h be l/(-12) + 6/(-4). Let y be h/(((-10)/(-4))/5). Calculate the greatest common factor of y and 64.
8
Let v be (-2)/7 - (-394)/7. Suppose -13 = -2*d - 3*q, 0 = 68*q - 63*q + 25. What is the greatest common factor of v and d?
14
Suppose -4*p + 2*o = -54, -4*p + 26 = 3*o - 23. Let h(s) = s**3 - 2*s**2 + 2*s - 2. Let l be h(3). What is the greatest common factor of l and p?
13
Let m be (54/15 + -3)*15. Suppose 2*a - 3*s = 33, s + 5 = -0. Calculate the highest common factor of m and a.
9
Let d be (-14)/(-4)*(2 + 0). Suppose o - 42 = -d. Suppose 0 = p - 6*p + o. What is the highest common divisor of p and 77?
7
Let q = 71 + -67. Let w be (3 - 2)*-6*-6. What is the greatest common divisor of w and q?
4
Let c be ((-2431)/429)/(-1 + 2/3). Suppose 2*s + 5*m + 11 = 0, -m = 2*s + 2*m + 1. Let y = s - -78. Calculate the greatest common divisor of y and c.
17
Suppose b - 2*g = 22, 5*b - 101 = -0*b + g. Suppose -4*d - 4 = -12. Suppose -j - d = -10. What is the greatest common divisor of b and j?
4
Suppose k + 0*q = 3*q + 111, -2*k + 5*q = -221. Let s = 3332 + -3326. Calculate the greatest common factor of s and k.
6
Suppose 90*d - 82*d = 2000. Calculate the highest common divisor of 75 and d.
25
Suppose -4*d = -m - 316, 5*d - m + 217 = 613. Let z be 50 - (-2 - (-4 - 1)). Suppose -5*v + 33 = -z. Calculate the greatest common factor of v and d.
16
Let s be 5/((-30)/201)*(-6 + -2). Let d(q) = -11*q**2 - 2*q - 4. Let m be d(4). Let f = m + s. What is the highest common factor of 10 and f?
10
Let q = 5 - 1. Let p(a) = -2 + 4*a**2 - 7*a**2 - 3*a + 3*a - a**3 - q*a. Let j be p(-3). Calculate the greatest common factor of 10 and j.
10
Let z(l) = l**2 + 5*l - 94. Let d be z(-18). What is the highest common factor of 20 and d?
20
Let l be (-548)/3*294/(-56). What is the highest common factor of 548 and l?
137
Let v(s) = s + 37. Let q be v(-3). Calculate the greatest common divisor of q and 544.
34
Let c be 6/4 - -33*76/24. Calculate the highest common factor of 1484 and c.
106
Suppose -7*d + 82 = -37. Let p be (-29)/4*(-